{"id":990,"date":"2018-07-02T22:10:07","date_gmt":"2018-07-03T01:10:07","guid":{"rendered":"https:\/\/ifdbariloche-rng.infd.edu.ar\/sitio\/la-guagua-en-la-tele\/"},"modified":"2024-08-21T20:24:08","modified_gmt":"2024-08-21T23:24:08","slug":"gg","status":"publish","type":"page","link":"https:\/\/ifdbariloche-rng.infd.edu.ar\/sitio\/gg\/","title":{"rendered":"Jornadas Pedag\u00f3gicas 2024 &#8211; Estudiantes"},"content":{"rendered":"\n<p>Participaci\u00f3n de Estudiantes<\/p>\n\n\n\n<p>Les estudiantes del IFDC Bariloche podr\u00e1n participar en las Jornadas Pedag\u00f3gicas 2024 en dos categor\u00edas: <\/p>\n\n\n\n<p>a) Asistentes. Quienes asistan a 4 (cuatro) eventos del programa de las Jornadas Pedag\u00f3gicas recibir\u00e1n una certificaci\u00f3n como \u00abasistentes\u00bb. Dicho certificado ser\u00e1 validado como un EDI con una carga horaria de 10 h, seg\u00fan Disposici\u00f3n 46\/2024 CD-IFDC Bariloche<\/p>\n\n\n\n<p>b) Expositores\/as. Quienes participen como expositores en la mesa de intercambio para estudiantes de la formaci\u00f3n docente, recibir\u00e1n una certificaci\u00f3n como \u00abexpositores\/as\u00bb. A continuaci\u00f3n se comparten los lineamientos para dicha participaci\u00f3n: <\/p>\n\n\n\n<p class=\"has-text-align-center\"><strong>Convocatoria para mesa de Intercambio<br>para estudiantes de la formaci\u00f3n docente&nbsp;<\/strong><\/p>\n\n\n\n<p class=\"has-text-align-center\"><strong>\u201cRelatos de Experiencias Pedag\u00f3gicas en la Formaci\u00f3n Docente Inicial: <\/strong><strong><br><\/strong><strong>La Perspectiva de los Estudiantes\u201d&nbsp;<\/strong><\/p>\n\n\n\n<p>Viernes 20 de septiembre de 2024<br>18 a 21 h&nbsp;<\/p>\n\n\n\n<p>En el marco de las Jornadas Pedag\u00f3gicas del IFDC Bariloche 2024, se invita a los\/las&nbsp; estudiantes de carreras de Nivel Superior a participar de una Mesa de Intercambio en la cual&nbsp; podr\u00e1n presentar escritos que den cuenta de una experiencia de su formaci\u00f3n que les haya&nbsp; resultado significativa. Proponemos abordar, de manera no excluyente, el eje de la&nbsp; convocatoria: <strong><em>Las m\u00faltiples formas de leer el mundo, continuar aprendiendo y escribir&nbsp; nuestros propios caminos en la escuela p\u00fablica.&nbsp;<\/em><\/strong><\/p>\n\n\n\n<p>El prop\u00f3sito es generar un espacio para compartir saberes y experiencias entre cohortes,&nbsp; carreras, instituciones, estudiantes y docentes.&nbsp;Se entregar\u00e1n certificados de exposici\u00f3n a quienes participen presencialmente en la mesa. &nbsp;<\/p>\n\n\n\n<p>Participaci\u00f3n <strong>como Expositores\/as<\/strong>. Los y las estudiantes que deseen presentar sus&nbsp; experiencias, deber\u00e1n cumplimentar la presentaci\u00f3n de res\u00famenes, la escritura de la&nbsp; experiencia y la exposici\u00f3n de la misma en las mesas de intercambio.&nbsp;<\/p>\n\n\n\n<p>A continuaci\u00f3n se detalla el proceso para participar como expositores\/as:&nbsp;&nbsp;<\/p>\n\n\n\n<p><strong>1. Presentaci\u00f3n de res\u00famenes ampliados&nbsp;<\/strong><\/p>\n\n\n\n<p>La presentaci\u00f3n de res\u00famenes implica la postulaci\u00f3n para participar en las mesas de&nbsp; intercambio de estudiantes de las Jornadas Pedag\u00f3gicas 2024. El resumen consiste en un&nbsp; documento donde se registran:&nbsp;&nbsp;<\/p>\n\n\n\n<p><strong>a) <\/strong>Datos personales del autor\/a o autoras\/es: nombre y apellido, instituci\u00f3n en la que estudia&nbsp; y tuvo lugar la experiencia, direcci\u00f3n de correo electr\u00f3nico de cada participante.&nbsp;&nbsp;<\/p>\n\n\n\n<p><strong>b) <\/strong>T\u00edtulo y subt\u00edtulo de la ponencia. Se trata de un t\u00edtulo descriptivo que contiene las palabras&nbsp; claves de la tem\u00e1tica a abordar y un subt\u00edtulo que ampl\u00eda los sentidos de la experiencia.&nbsp;&nbsp;<\/p>\n\n\n\n<p>c) Escritura de la experiencia. El formato deber\u00e1 contemplar las siguientes partes:&nbsp;<\/p>\n\n\n\n<p>&#8211; Introducci\u00f3n: \u00bfQu\u00e9 se va a contar? \u00bfEn qu\u00e9 contexto tuvo lugar la experiencia? \u00bfPor&nbsp; qu\u00e9 la seleccionaron?<\/p>\n\n\n\n<p>&#8211; Desarrollo: narrar la experiencia (qu\u00e9, d\u00f3nde, cu\u00e1ndo, c\u00f3mo).&nbsp;<\/p>\n\n\n\n<p>&#8211; Conclusiones: cierre y reflexi\u00f3n final sobre la experiencia formativa (\u00bfpor qu\u00e9 les ha&nbsp; resultado significativa?)&nbsp;<\/p>\n\n\n\n<p>&#8211; Bibliograf\u00eda: al final se listan las referencias citadas en orden alfab\u00e9tico. Se espera una extensi\u00f3n de <strong>800 palabras <\/strong>en hoja A4, letra Arial 11, espaciado 1,5.&nbsp;<\/p>\n\n\n\n<p class=\"has-text-align-center\"><strong>Lunes 09 de septiembre: fecha l\u00edmite de recepci\u00f3n de res\u00famenes ampliados<\/strong><\/p>\n\n\n\n<p>El equipo organizador responder\u00e1 dentro de las 72 horas la recepci\u00f3n del resumen y la&nbsp; aceptaci\u00f3n de la participaci\u00f3n en las mesas de intercambio. Los trabajos se enviar\u00e1n por&nbsp; correo electr\u00f3nico como archivo adjunto a las direcciones que figuran abajo, indicando&nbsp; en el&nbsp; asunto JORNADAS 2024<\/p>\n\n\n\n<p>Nombrar el archivo con el apellido del autor\/es y la palabra&nbsp; jornadas2024.&nbsp;<\/p>\n\n\n\n<p>Ejemplo: Perezjornadas2024.doc&nbsp;<\/p>\n\n\n\n<p>Para consultas previas, env\u00edo de res\u00famenes y de ponencias dirigirse a alguno de los&nbsp; siguientes correos:&nbsp;<\/p>\n\n\n\n<p><strong>Mariana Caram<\/strong>: marianacaram@gmail.com&nbsp;<\/p>\n\n\n\n<p><strong>Soledad Fern\u00e1ndez<\/strong>:&nbsp; fernandezms@gmail.com<\/p>\n","protected":false},"excerpt":{"rendered":"<p>Participaci\u00f3n de Estudiantes Les estudiantes del IFDC Bariloche podr\u00e1n participar en las Jornadas Pedag\u00f3gicas 2024 en dos categor\u00edas: a) Asistentes. Quienes asistan a 4 (cuatro) eventos del programa de las Jornadas Pedag\u00f3gicas recibir\u00e1n una certificaci\u00f3n como \u00abasistentes\u00bb. Dicho certificado ser\u00e1 validado como un EDI con una carga horaria de 10 h, seg\u00fan Disposici\u00f3n 46\/2024 CD-IFDC &#8230; <a title=\"Jornadas Pedag\u00f3gicas 2024 &#8211; Estudiantes\" class=\"read-more\" href=\"https:\/\/ifdbariloche-rng.infd.edu.ar\/sitio\/gg\/\" aria-label=\"More on Jornadas Pedag\u00f3gicas 2024 &#8211; Estudiantes\">[+]<\/a><\/p>\n","protected":false},"author":2595,"featured_media":0,"parent":0,"menu_order":0,"comment_status":"closed","ping_status":"closed","template":"","meta":[],"acf":[],"_links":{"self":[{"href":"https:\/\/ifdbariloche-rng.infd.edu.ar\/sitio\/wp-json\/wp\/v2\/pages\/990"}],"collection":[{"href":"https:\/\/ifdbariloche-rng.infd.edu.ar\/sitio\/wp-json\/wp\/v2\/pages"}],"about":[{"href":"https:\/\/ifdbariloche-rng.infd.edu.ar\/sitio\/wp-json\/wp\/v2\/types\/page"}],"author":[{"embeddable":true,"href":"https:\/\/ifdbariloche-rng.infd.edu.ar\/sitio\/wp-json\/wp\/v2\/users\/2595"}],"replies":[{"embeddable":true,"href":"https:\/\/ifdbariloche-rng.infd.edu.ar\/sitio\/wp-json\/wp\/v2\/comments?post=990"}],"version-history":[{"count":6,"href":"https:\/\/ifdbariloche-rng.infd.edu.ar\/sitio\/wp-json\/wp\/v2\/pages\/990\/revisions"}],"predecessor-version":[{"id":5226,"href":"https:\/\/ifdbariloche-rng.infd.edu.ar\/sitio\/wp-json\/wp\/v2\/pages\/990\/revisions\/5226"}],"wp:attachment":[{"href":"https:\/\/ifdbariloche-rng.infd.edu.ar\/sitio\/wp-json\/wp\/v2\/media?parent=990"}],"curies":[{"name":"wp","href":"https:\/\/api.w.org\/{rel}","templated":true}]}}

Jornadas Pedagógicas 2024 &#8211; Estudiantes

<p>Participación de Estudiantes</p>



<p>Les estudiantes del IFDC Bariloche podrán participar en las Jornadas Pedagógicas 2024 en dos categorías: </p>



<p>a) Asistentes. Quienes asistan a 4 (cuatro) eventos del programa de las Jornadas Pedagógicas recibirán una certificación como «asistentes». Dicho certificado será validado como un EDI con una carga horaria de 10 h, según Disposición 46/2024 CD-IFDC Bariloche</p>



<p>b) Expositores/as. Quienes participen como expositores en la mesa de intercambio para estudiantes de la formación docente, recibirán una certificación como «expositores/as». A continuación se comparten los lineamientos para dicha participación: </p>



<p class="has-text-align-center"><strong>Convocatoria para mesa de Intercambio<br>para estudiantes de la formación docente&nbsp;</strong></p>



<p class="has-text-align-center"><strong>“Relatos de Experiencias Pedagógicas en la Formación Docente Inicial: </strong><strong><br></strong><strong>La Perspectiva de los Estudiantes”&nbsp;</strong></p>



<p>Viernes 20 de septiembre de 2024<br>18 a 21 h&nbsp;</p>



<p>En el marco de las Jornadas Pedagógicas del IFDC Bariloche 2024, se invita a los/las&nbsp; estudiantes de carreras de Nivel Superior a participar de una Mesa de Intercambio en la cual&nbsp; podrán presentar escritos que den cuenta de una experiencia de su formación que les haya&nbsp; resultado significativa. Proponemos abordar, de manera no excluyente, el eje de la&nbsp; convocatoria: <strong><em>Las múltiples formas de leer el mundo, continuar aprendiendo y escribir&nbsp; nuestros propios caminos en la escuela pública.&nbsp;</em></strong></p>



<p>El propósito es generar un espacio para compartir saberes y experiencias entre cohortes,&nbsp; carreras, instituciones, estudiantes y docentes.&nbsp;Se entregarán certificados de exposición a quienes participen presencialmente en la mesa. &nbsp;</p>



<p>Participación <strong>como Expositores/as</strong>. Los y las estudiantes que deseen presentar sus&nbsp; experiencias, deberán cumplimentar la presentación de resúmenes, la escritura de la&nbsp; experiencia y la exposición de la misma en las mesas de intercambio.&nbsp;</p>



<p>A continuación se detalla el proceso para participar como expositores/as:&nbsp;&nbsp;</p>



<p><strong>1. Presentación de resúmenes ampliados&nbsp;</strong></p>



<p>La presentación de resúmenes implica la postulación para participar en las mesas de&nbsp; intercambio de estudiantes de las Jornadas Pedagógicas 2024. El resumen consiste en un&nbsp; documento donde se registran:&nbsp;&nbsp;</p>



<p><strong>a) </strong>Datos personales del autor/a o autoras/es: nombre y apellido, institución en la que estudia&nbsp; y tuvo lugar la experiencia, dirección de correo electrónico de cada participante.&nbsp;&nbsp;</p>



<p><strong>b) </strong>Título y subtítulo de la ponencia. Se trata de un título descriptivo que contiene las palabras&nbsp; claves de la temática a abordar y un subtítulo que amplía los sentidos de la experiencia.&nbsp;&nbsp;</p>



<p>c) Escritura de la experiencia. El formato deberá contemplar las siguientes partes:&nbsp;</p>



<p>&#8211; Introducción: ¿Qué se va a contar? ¿En qué contexto tuvo lugar la experiencia? ¿Por&nbsp; qué la seleccionaron?</p>



<p>&#8211; Desarrollo: narrar la experiencia (qué, dónde, cuándo, cómo).&nbsp;</p>



<p>&#8211; Conclusiones: cierre y reflexión final sobre la experiencia formativa (¿por qué les ha&nbsp; resultado significativa?)&nbsp;</p>



<p>&#8211; Bibliografía: al final se listan las referencias citadas en orden alfabético. Se espera una extensión de <strong>800 palabras </strong>en hoja A4, letra Arial 11, espaciado 1,5.&nbsp;</p>



<p class="has-text-align-center"><strong>Lunes 09 de septiembre: fecha límite de recepción de resúmenes ampliados</strong></p>



<p>El equipo organizador responderá dentro de las 72 horas la recepción del resumen y la&nbsp; aceptación de la participación en las mesas de intercambio. Los trabajos se enviarán por&nbsp; correo electrónico como archivo adjunto a las direcciones que figuran abajo, indicando&nbsp; en el&nbsp; asunto JORNADAS 2024</p>



<p>Nombrar el archivo con el apellido del autor/es y la palabra&nbsp; jornadas2024.&nbsp;</p>



<p>Ejemplo: Perezjornadas2024.doc&nbsp;</p>



<p>Para consultas previas, envío de resúmenes y de ponencias dirigirse a alguno de los&nbsp; siguientes correos:&nbsp;</p>



<p><strong>Mariana Caram</strong>: marianacaram@gmail.com&nbsp;</p>



<p><strong>Soledad Fernández</strong>:&nbsp; fernandezms@gmail.com</p>

<p>Participación de Estudiantes Les estudiantes del IFDC Bariloche podrán participar en las Jornadas Pedagógicas 2024 en dos categorías: a) Asistentes. Quienes asistan a 4 (cuatro) eventos del programa de las Jornadas Pedagógicas recibirán una certificación como «asistentes». Dicho certificado será validado como un EDI con una carga horaria de 10 h, según Disposición 46/2024 CD-IFDC &#8230; <a title="Jornadas Pedagógicas 2024 &#8211; Estudiantes" class="read-more" href="https://ifdbariloche-rng.infd.edu.ar/sitio/gg/" aria-label="More on Jornadas Pedagógicas 2024 &#8211; Estudiantes">[+]</a></p>
